f m?
8
Let k(z) = 5*z - 7. What is the tens digit of k(9)?
3
Let n(c) = 340*c**2 - c + 1. What is the units digit of n(1)?
0
Suppose 0 = -2*s + 10 + 6. Suppose 4*a = -5*n + 14, 8*n - 7 = 3*a + 3*n. Suppose -3*j + s = -a. What is the units digit of j?
3
Suppose -2 = -0*g - g. Let k(m) = -m - m + 18 + 4*m - 17. What is the units digit of k(g)?
5
Suppose -5*k = 3*l - 231, 0*k + k - 36 = -4*l. Let x = k - 19. What is the tens digit of x?
2
Suppose -4*b - 38 - 14 = -2*l, -2*b = 4. What is the tens digit of l?
2
What is the tens digit of ((-35)/(-3))/((-1)/(-18)) + -3?
0
Let u = 23 - -4. What is the tens digit of u?
2
Suppose -6 = 2*g - 30. What is the tens digit of g?
1
Let i be ((-168)/9)/(-2)*3. Let p = i + -18. Let x = p - 4. What is the units digit of x?
6
Suppose 2*m - 171 = -c, -3*m + 186 = -m - 2*c. What is the tens digit of m?
8
Suppose 5*f + 20 = 4*d, -3*d + 0*d + 15 = 3*f. Suppose 3*g - 26 + 8 = f. What is the units digit of g?
6
Suppose 5*s + 0*s = 0. What is the units digit of 4 + s/(-3 - -6)?
4
Let m = 9 - -7. Suppose -2*a + 26 = 4*g, -4*g - a = -m - 7. Suppose -g*p + 4 + 41 = 0. What is the units digit of p?
9
Suppose 2*y = 5*a + 4, 0 = -5*y + a + 9 + 24. Let u(n) = n + 1. What is the units digit of u(y)?
8
Let d be 4/(-20) - (-1)/5. Let w be (-2)/5*(-5 - d). Suppose -4*l - 6 = -b - 0*b, -4 = -b + w*l. What is the units digit of b?
2
Let f = -4 + 4. Suppose f = 3*g + 2*z - 11, 2*g + 4*z - 19 = -g. Suppose -3*u + g = 2*k - 9, 24 = 2*u - 3*k. What is the units digit of u?
6
What is the units digit of (-6)/(-10) + 20/50?
1
Suppose 5*h - 3*a = a + 111, 0 = -4*h - 4*a + 96. Suppose 3*g - h - 22 = 0. What is the units digit of g?
5
Suppose 4*u - 12*u = -800. What is the hundreds digit of u?
1
Suppose 0 = 3*v + g - 93, 15 = v + 3*g - 8*g. What is the units digit of v?
0
Suppose 56*h - 58*h + 450 = 0. What is the units digit of h?
5
What is the tens digit of 6/(-51) + 9339/51?
8
Let h(v) = -5*v + 3. Let j(y) = -14*y + 8. Let z(f) = -17*h(f) + 6*j(f). What is the units digit of z(9)?
6
Suppose 2*o - 2*a + 34 = 6*o, 5 = o - 3*a. Suppose 0 = b - 22 - o. What is the tens digit of b?
3
Suppose 0 = -4*l - 5*v - 17, 2*v = -l - 2*v - 7. Let o = 2 - l. What is the units digit of o?
5
Let g(o) = -o**3 + 4*o**2 - 3*o + 2. Let y be g(3). Let a(i) = -i + 2 - y - 2. What is the units digit of a(-9)?
7
Let c be -2*4/((-8)/9). Let u = -9 + c. Suppose 34 = -u*i + 2*i. What is the tens digit of i?
1
Suppose 0*z - z - 4 = -2*o, -10 = z + 4*o. Let f = 10 + z. What is the units digit of f?
4
Let p(g) = g - 1. Let i be p(6). Let t be 12/(-5) - (-4)/10. What is the units digit of (-1 - t) + i/1?
6
Let h = -3 + 8. Suppose q - 14 = -2*n - 7, -5 = h*q. Suppose n*f - 16 = -2*r, 4*r + 4*f - 18 = 10. What is the units digit of r?
6
Let q = -64 + 102. Let g = 58 - q. What is the tens digit of g?
2
Let l = 122 - 38. Suppose -l = -3*w - 3*n, -2*n + 103 = 4*w - n. What is the tens digit of w?
2
Suppose -273 = -4*f - s, -3*f - 2*s + 4*s = -191. What is the tens digit of f?
6
Let w be (-7 + 6)/((-1)/(-22)). Let f be (-18)/12 + w/(-4). Suppose 14 = 3*s + 2*i, f*i = s - i - 16. What is the units digit of s?
6
Let b(v) = -v**3 + 4*v**2 + 6*v + 3. Let k be b(5). Suppose -i = -k - 13. What is the tens digit of i?
2
Let c = -86 - -169. What is the tens digit of c?
8
Let x(v) = -v**2 - 5*v + 3. Let a be x(-5). What is the tens digit of ((-34)/3)/((-2)/a)?
1
Let j(n) = n + 7. Let l be j(-5). Suppose l + 18 = 5*w. What is the units digit of w?
4
Suppose -8*s = -s - 476. What is the tens digit of s?
6
Let k(d) = d - 50 + 2*d - 6*d + 56. What is the units digit of k(-10)?
6
What is the tens digit of (-6)/(-4)*9/((-135)/(-2710))?
7
Let q be 176/(-99) - (-2)/(-9). What is the units digit of ((-100)/(-15))/(q/(-3))?
0
Let s be 1*3/(-6)*-2. Suppose 0 = -3*c + s + 5. Suppose 20 = 2*h + c*h. What is the units digit of h?
5
Let c(l) = l**2 + l - 20. What is the units digit of c(-9)?
2
Let o be -2 + -1 - (-7 + 4). Suppose -5*f + 15 = -5*q, -2*q - 2 = -4*f - o. Let n = f + 7. What is the units digit of n?
5
What is the units digit of (-745)/(-25) - (-3)/15?
0
Let j = 11 + -12. What is the tens digit of (-810)/(-40) + j/4?
2
Suppose -2*b - 18 = -5*b. Suppose -y = -0 - b. What is the units digit of y?
6
Let w(d) = 14*d**2 + 1. Let c be w(1). Suppose -5*p + c = -0. What is the units digit of p?
3
Let u be (-3)/(1 - -2)*2. What is the units digit of (u/3)/(4/(-72))?
2
Let f(l) = l**3 + 10*l**2 + 2*l + 14. Let h be f(-10). Let v be (-18)/14 - h/21. Let w = v - -4. What is the units digit of w?
3
Let t be (2/(-6))/(1/(-9)). Suppose -6*w - 3 = -t*w. What is the units digit of (0 - w)/((-2)/(-18))?
9
Suppose -2*r + 7*r - 245 = 0. What is the tens digit of r?
4
Suppose f + 4 = -3*f. Let d be (2/3)/(f/3). What is the units digit of d - (-6)/3 - -8?
8
Let r(d) = 27*d**2 + 2*d + 3. What is the hundreds digit of r(-3)?
2
What is the units digit of 21/(-2)*(-14)/3?
9
Let b = -45 - -76. What is the tens digit of b?
3
Let t = -37 + 45. What is the units digit of t?
8
Suppose 0 = 3*y - 73 - 17. Let l = 52 - y. What is the tens digit of l?
2
Suppose -3*i + 5*c + 209 = -0*i, 4*i + 3*c = 269. What is the units digit of i?
8
Let h(o) = 31*o - 11. What is the tens digit of h(8)?
3
Let x(u) = -18*u**3 - u**2 - u. Suppose -5*k + 15 = 5*r, -2*k - 2 = -r + 4. Let h be x(k). Let f = 31 - h. What is the units digit of f?
3
Let h = 70 + -47. What is the units digit of h?
3
Suppose u + u = 40. What is the units digit of u?
0
Suppose 4*w + 2 = 14. Suppose 2*n + 8 = w*i - 13, -n = 2*i - 21. What is the units digit of i?
9
Suppose -3*d - 5*u + 73 = 0, 0 = 3*d + 5*u - 2*u - 69. What is the units digit of d?
1
Let z(p) = 8 - p - 7 + 6. Let j be z(4). Suppose 0 = c - i - 13, 5*i = j*c - 0*i - 35. What is the units digit of c?
5
Let o = -2 - -4. What is the units digit of (34/2)/1 + o?
9
What is the units digit of -2 + 16/6*135/18?
8
Let w(h) = -h**3 + 3*h**2 + 4*h + 5. Let g be w(4). Suppose -m - b = -g*b - 12, -2 = b. Suppose -5*t = p - 5, 2*t + 2*t - 2*p = m. What is the units digit of t?
1
Suppose 240 = 3*x - 420. Suppose -10*q = -5*q - x. What is the units digit of q?
4
Let m = 7 - 5. Suppose -5*s = 4*b, -s + m*b = -0 - 14. What is the units digit of 4/16 - (-3)/s?
1
Suppose 61 = -3*s - 2*s - 4*v, -3*s - 35 = 2*v. Let w(q) = -4*q + 2. What is the units digit of w(s)?
8
Let l(z) be the third derivative of -z**6/120 - z**5/60 - z**4/8 - z**3/6 - 2*z**2. Let q be l(-2). Suppose -m = -q + 3. What is the units digit of m?
6
What is the tens digit of 253/7*2 - (-2)/(-7)?
7
Let r(m) be the second derivative of -m**5/10 - m**4/4 - m**3/6 + m**2 + m. Let j = -3 + 1. What is the units digit of r(j)?
8
Let a(s) = -s**2 + 7*s + 9. Let v be a(8). Suppose -l = -v - 8. What is the units digit of l?
9
Let y(r) be the third derivative of r**4/6 - 4*r**3/3 + r**2. What is the tens digit of y(6)?
1
Let p = 5 - 5. What is the units digit of p/3 - (-11 - -2)?
9
Let t(r) be the third derivative of r**6/120 - r**5/12 - r**4/6 - r**3/3 - 4*r**2. What is the units digit of t(6)?
0
Suppose 4 = 5*o + 2*s, -8 = 5*o - 5*s - 33. Suppose 18 = 4*w - o*w. What is the units digit of w?
9
Let u(h) = h**3 - 7*h**2 + 8*h - 8. Let x be u(6). Suppose x*n - n - v = 89, -v - 119 = -4*n. Let l = -14 + n. What is the units digit of l?
6
Suppose -5*o - 3*j = -6*j - 484, -3*j + 371 = 4*o. What is the units digit of o?
5
What is the tens digit of (3 + 2 + -4)*(252 + 1)?
5
Suppose t = -2*g - 7, -5*t + t + 20 = 0. Let v = g + 7. What is the units digit of v?
1
Let h be (-1 + -5)*(-2 - 0). Suppose 22 = -2*l - 4*n, 0*n = -3*l + n - h. Let v = l - -23. What is the tens digit of v?
1
Let k(l) = -l**3 + 21*l**2 + 40*l - 3. What is the tens digit of k(22)?
9
Suppose -2*j + 47 - 1 = 0. What is the tens digit of j?
2
What is the tens digit of (-103)/(-2 + -2 + 3)?
0
Suppose v + 0 - 8 = 0. Suppose 0*t + t - 12 = -4*w, -6 = -2*w - 5*t. Suppose v*n - w*n - 10 = 0. What is the units digit of n?
2
Let p = -25 + 23. Let o = -6 + 9. Let g = p + o. What is the units digit of g?
1
Let u(t) = -3*t + 1. Let x be u(-3). Suppose -x = 4*q - 3*q. What is the tens digit of (-96)/20*q/3?
1
Let d = 6 + 3. What is the units digit of d?
9
Let l = -6 + 5. Let y = l + 4. Let m = y + -2. What is the 